317, 7723927
What are the prime factors of 96810224?
2, 7, 47, 53, 347
What are the prime factors of 41300500?
2, 5, 82601
List the prime factors of 5780030.
2, 5, 137, 4219
What are the prime factors of 584838599?
1709, 342211
What are the prime factors of 744028068?
2, 3, 7, 19, 466183
List the prime factors of 140691353.
11, 37, 345679
List the prime factors of 92504299.
211, 438409
What are the prime factors of 502568249?
31, 647, 25057
List the prime factors of 61547020.
2, 5, 3077351
List the prime factors of 45386412.
2, 3, 3782201
List the prime factors of 305534143.
305534143
What are the prime factors of 71235841?
37, 1925293
List the prime factors of 63389064.
2, 3, 157, 16823
List the prime factors of 327531034.
2, 701, 233617
List the prime factors of 102059959.
17, 6003527
What are the prime factors of 134475600?
2, 3, 5, 7, 2287
What are the prime factors of 193653392?
2, 17, 229, 3109
What are the prime factors of 6310347458?
2, 757, 761, 5477
What are the prime factors of 371478842?
2, 7, 19, 23, 60719
What are the prime factors of 20140468?
2, 67, 223, 337
List the prime factors of 1530500.
2, 5, 3061
List the prime factors of 2818858637.
7, 971, 414721
List the prime factors of 28014979.
31, 903709
What are the prime factors of 793325?
5, 13, 2441
List the prime factors of 7361848595.
5, 1472369719
List the prime factors of 72290344.
2, 7, 83, 103, 151
What are the prime factors of 17196617?
23, 747679
What are the prime factors of 90892670?
2, 5, 11, 29, 28493
List the prime factors of 49923411.
3, 16641137
List the prime factors of 273645039.
3, 17, 613, 8753
List the prime factors of 27732480.
2, 3, 5, 23, 157
List the prime factors of 6469091354.
2, 11, 5791, 50777
List the prime factors of 70427585.
5, 19, 741343
List the prime factors of 110046087.
3, 1499, 2719
What are the prime factors of 3560578976?
2, 761, 146213
What are the prime factors of 311555532?
2, 3, 17, 73, 20921
List the prime factors of 1903193838.
2, 3, 7, 13, 139, 643
What are the prime factors of 51565689?
3, 7, 116929
What are the prime factors of 423106499?
109, 3881711
What are the prime factors of 52274731?
2347, 22273
What are the prime factors of 2102851349?
2102851349
List the prime factors of 54525463.
197, 276779
List the prime factors of 27610524.
2, 3, 255653
What are the prime factors of 448377807?
3, 823, 181603
List the prime factors of 4507903018.
2, 10301, 218809
What are the prime factors of 319857959?
191, 1674649
What are the prime factors of 384903527?
3109, 123803
List the prime factors of 387545054.
2, 13, 1021, 1123
What are the prime factors of 96053659?
13, 83, 89021
List the prime factors of 140427502.
2, 281, 249871
List the prime factors of 67976822.
2, 23, 1477757
List the prime factors of 156867170.
2, 5, 15686717
What are the prime factors of 1223081301?
3, 13, 31361059
List the prime factors of 1156963909.
1156963909
What are the prime factors of 549362061?
3, 23, 223, 3967
What are the prime factors of 20223070?
2, 5, 7, 251, 1151
List the prime factors of 239566258.
2, 103, 1162943
List the prime factors of 115470824.
2, 7, 43, 79, 607
What are the prime factors of 119812274?
2, 811, 73867
What are the prime factors of 235319608?
2, 83, 151, 2347
What are the prime factors of 163716717?
3, 1201, 45439
List the prime factors of 370151247.
3, 109, 1131961
What are the prime factors of 1249435098?
2, 3, 19, 31, 163, 241
What are the prime factors of 313073454?
2, 3, 43, 541, 2243
List the prime factors of 59747634.
2, 3, 3319313
What are the prime factors of 3373413848?
2, 7, 60239533
List the prime factors of 172151640.
2, 3, 5, 478199
List the prime factors of 1170971272.
2, 131, 1013, 1103
List the prime factors of 248119501.
7, 97, 365419
List the prime factors of 7694588637.
3, 17, 2521, 19949
What are the prime factors of 74038183?
74038183
List the prime factors of 81934961.
1319, 62119
List the prime factors of 1656107559.
3, 127, 482971
List the prime factors of 97019061.
3, 307, 105341
List the prime factors of 11155287.
3, 11, 13, 26003
List the prime factors of 5942191655.
5, 1039, 1143829
What are the prime factors of 1052371136?
2, 31, 530429
List the prime factors of 3437940014.
2, 1718970007
List the prime factors of 4205785.
5, 841157
List the prime factors of 918739713.
3, 701, 436871
What are the prime factors of 9873290?
2, 5, 7, 47, 3001
List the prime factors of 1661001341.
1661001341
List the prime factors of 2363090.
2, 5, 67, 3527
What are the prime factors of 621148127?
621148127
List the prime factors of 55319646.
2, 3, 23, 29, 601
What are the prime factors of 119705900?
2, 5, 1197059
What are the prime factors of 447771101?
447771101
List the prime factors of 220533125.
5, 352853
What are the prime factors of 921435735?
3, 5, 11, 947, 5897
List the prime factors of 6706342088.
2, 1091, 768371
What are the prime factors of 7585784578?
2, 101, 683, 54983
List the prime factors of 13474492.
2, 3368623
What are the prime factors of 1422103187?
61, 3881, 6007
What are the prime factors of 163102650?
2, 3, 5, 19, 151, 379
What are the prime factors of 476347?
476347
What are the prime factors of 331854566?
2, 31, 619, 8647
List the prime factors of 355425266.
2, 7, 79, 97, 3313
What are the prime factors of 215670843?
3, 19, 43, 3259
What are the prime factors of 40735365?
3, 5, 11, 271, 911
What are the prime factors of 122174736?
2, 3, 2545307
List the prime factors of 6847929597.
3, 25693, 88843
What are the prime factors of 62631736?
2, 43, 97, 1877
What are the prime factors of 1853686980?
2, 3, 5, 10298261
What are the prime factors of 4420406?
2, 857, 2579
List the prime factors of 259895095.
5, 51979019
What are the prime factors of 705510853?
705510853
List the prime factors of 86509599.
3, 11, 73, 35911
List the prime factors of 2278695640.
2, 5, 13, 17, 59, 257
What are the prime factors of 823103247?
3, 274367749
List the prime factors of 308448946.
2, 13, 31, 37, 10343
What are the prime factors of 148685677?
7, 21240811
What are the prime factors of 37088022?
2, 3, 53, 223, 523
List the prime factors of 45094951.
11, 4099541
List the prime factors of 100208344.
2, 293, 42751
List the prime factors of 2752804858.
2, 1376402429
What are the prime factors of 1102652748?
2, 3, 263, 116461
What are the prime factors of 245458436?
2, 29, 2116021
List the prime factors of 397442040.
2, 3, 5, 433, 7649
What are the prime factors of 17121603?
3, 19, 139, 2161
List the prime factors of 484101689.
21661, 22349
What are the prime factors of 647981111?
19, 37, 921737
List the prime factors of 826070981.
31, 26647451
List the prime factors of 415844857.
83, 337, 14867
What are the prime factors of 3258565399?
631, 5164129
What are the prime factors of 29163363?
3, 37, 262733
What are the prime factors of 766920488?
2, 127, 179, 4217
List the prime factors of 42722610.
2, 3, 5, 7, 29063
What are the prime factors of 1494105186?
2, 3, 7, 35573933
What are the prime factors of 80077805?
5, 31, 37, 13963
What are the prime factors of 423683277?
3, 67, 2107877
What are the prime factors of 48861978?
2, 3, 11, 17, 37, 107
What are the prime factors of 194061862?
2, 61, 1590671
What are the prime factors of 177126092?
2, 11, 13, 28151
List the prime factors of 321450789.
3, 11, 9740933
What are the prime factors of 86741347?
7, 11, 103, 10937
What are the prime factors of 174127961?
7, 31, 211, 3803
List the prime factors of 750973991.
191, 3931801
What are the prime factors of 1119995585?
5, 223999117
List the prime factors of 78295661.
193, 405677
What are the prime factors of 63125046?
2, 3, 17, 206291
What are the prime factors of 82503672?
2, 3, 3437653
List the prime factors of 348609553.
17713, 19681
What are the prime factors of 452985262?
2, 226492631
What are the prime factors of 2704745213?
71, 38095003
List the prime factors of 338507740.
2, 5, 17, 995611
List the prime factors of 3586858526.
2, 17, 105495839
What are the prime factors of 82047393?
3, 911, 10007
What are the prime factors of 1914338841?
3, 638112947
What are the prime factors of 86080495?
5, 853, 20183
What are the prime factors of 48278493?
3, 647, 8291
What are the prime factors of 39765307?
39765307
List the prime fa